2. Let i be l(9). Suppose 17*m - i*m + 11756 = 0. Is m composite?
False
Suppose -6*d - 2 = -8*d. Is (1212 - -1)*(d - 0/(-1)) prime?
True
Suppose -34 = -q + 25. Let n = q - -720. Is n a composite number?
True
Let z(g) = -g**3 - 10*g**2 - 9*g + 9. Let h be z(-9). Is (1662/h)/((-2)/(-15)) composite?
True
Suppose -4*t + 4*h - 940 = -2556, 0 = -2*t + 4*h + 810. Let z = t + -110. Is z prime?
True
Suppose -4*r = -4*t - 7088, -t + 25 = 4*t. Is r a composite number?
False
Suppose 2*l - 1452 = -d + 5*d, 0 = d + 2*l + 353. Let c = -62 - d. Is c prime?
False
Is ((-136985)/15)/((-5)/(-6) + -1) a composite number?
True
Suppose -22*z + 16*z + 33762 = 0. Is z a prime number?
False
Let u = -1764 - -10277. Is u prime?
True
Suppose x - 10 = -2*w, 0 = -x + 3*x. Suppose -3*h + 8 = -h - 2*y, 3*h - 12 = -w*y. Is 3 - 2*(-232)/h a composite number?
True
Suppose 35063 = -3*z + 2*i, 0*i + 11673 = -z - 3*i. Is 4/(-6) + z/(-45) a prime number?
False
Suppose -2*c = 5*a - 18 - 11, -c = 4*a - 22. Suppose -c*y = -y - 631. Suppose -s + 197 = -2*i, 2*s = -s - 4*i + y. Is s a prime number?
False
Let d(h) = h**2 + 131. Let f be d(0). Let r be (11/(-2) - -2)/(9/(-108)). Let y = f - r. Is y composite?
False
Is 7158 + -12 - (32/(-4) - -3) composite?
False
Is (-14352)/32*(-4)/6 a prime number?
False
Let u = 55 + -57. Let c(y) = -26*y**3 - 4*y - 5. Is c(u) a prime number?
True
Let h(g) = 64*g**2 - 6*g - 3. Is h(8) a prime number?
False
Suppose -s = -2*w - 4, 5*s + 0*w - 10 = 5*w. Suppose 6*b - 8 = 10. Suppose s = b*l - l - 38. Is l a composite number?
False
Suppose 5*v - 2821 = -4*j - 0*v, -1427 = -2*j + 3*v. Suppose -j = -3*f - 2*d - 146, -3*f + 2*d = -583. Is f a composite number?
False
Let o be (-12)/(-1) - (9 + -8). Let t = o + -5. Suppose 0 = 3*i - t*i + 879. Is i a prime number?
True
Let n(o) = -1218*o**3 - 3*o**2 - 6*o - 4. Is n(-1) a prime number?
True
Suppose 0 = 3*f + 1 - 4. Let r be 5 + -3 + (1 - f). Suppose -3*l + 403 = -g, 270 = 2*l + r*g + 12. Is l a prime number?
False
Let u = 209 + -113. Let o be 10/240*-6*568/(-2). Let y = u + o. Is y a composite number?
False
Let k = -30 + 54. Let s = 28 - k. Suppose -s*a + 100 + 664 = 0. Is a a prime number?
True
Let y(n) = -n - 11. Let p be y(-13). Suppose 11 = p*h + 89. Is 26/h + 406/6 prime?
True
Let v(f) be the first derivative of 245*f**2/2 - 21*f - 21. Is v(8) a composite number?
True
Let o(k) = 8*k**2 + 4*k - 137. Is o(-33) a prime number?
True
Is (-39)/(-156) + -32995*3/(-12) a prime number?
False
Let p(g) = 4*g**3 + g**2 - 3*g + 2. Let v be p(2). Suppose -4*u - v = 2*b, 0*b - 10 = u + b. Let x(n) = 3*n**2 - 5*n - 7. Is x(u) composite?
False
Let g = -5057 - -12856. Is g composite?
True
Suppose 5*u + f - 247596 = 0, -7*u = -3*u - f - 198075. Is u a prime number?
False
Let p(m) = m**3 + 10*m**2 - 19*m - 19. Let w = 14 - 23. Is p(w) prime?
True
Let s be (20 - 19)*(-410)/(-2). Suppose 4*r - 687 = s. Is r prime?
True
Suppose -334620 = -5*i + 8*q - 3*q, -2*i - 4*q + 133836 = 0. Is i composite?
True
Suppose -100783 = -12*u - 8755. Is u a composite number?
False
Let y be (1 - 1)/(2/(-1)). Let l be -3*(8/68 - 200/255). Suppose -4*o - 4*m = -872, 5*o - l*o - 3*m - 684 = y. Is o a composite number?
False
Let p(n) = n**3 + 34*n**2 - 71*n - 49. Is p(-32) a composite number?
False
Suppose 62*n - 9714 = 56*n. Is n prime?
True
Let o = -7039 - -9858. Is o prime?
True
Let b(r) = -2*r**2 + 3*r + 6*r - 42*r**3 + 2*r - 1 - 13*r. Is b(-2) prime?
True
Suppose -h = 4*f - 543, 15*h - 4*f = 12*h + 1661. Is h composite?
True
Let a(w) be the third derivative of 5*w**4/24 - 13*w**3/6 - 13*w**2. Is a(10) composite?
False
Let i be 155 + (-24)/8*(-1)/3. Suppose 0*s - 3*x - 627 = -4*s, 0 = s - x - i. Is s a prime number?
False
Is (5444/6)/(150/225) composite?
False
Suppose -2*t + 3*h = -2473, -t - 5*h + 670 = -586. Is t a composite number?
True
Let y(j) = -j**3 - j**2 + j + 203. Is y(0) composite?
True
Suppose 5*f - f - 3*i = 40142, 2*f = -i + 20076. Is f composite?
False
Let q(f) = 9324*f**2 - 8*f + 10. Is q(1) composite?
True
Let v(l) = -16*l**3 - l**2 + 2*l. Let f be v(-2). Let b = -43 + f. Is b prime?
False
Let k(j) = -197*j - 115. Is k(-6) a prime number?
False
Let o = -35903 + 57948. Is o a composite number?
True
Let y = -22 + 26. Let p(q) = 129*q + 1. Let o be p(2). Suppose -y*z + o = -297. Is z a prime number?
True
Suppose 13173 = 20*y - 17*y. Is y composite?
False
Let n(a) = 1960*a + 101. Is n(11) a composite number?
False
Let k(p) be the third derivative of 9*p**4/4 - 5*p**3/6 - 5*p**2. Let d be 0 + 4 + 1/1. Is k(d) prime?
False
Suppose -3*v = 5*o + 975, 148 - 733 = 3*o - v. Let w = o - -294. Let f = w - -16. Is f composite?
True
Let w = 24 - 23. Let m = w - 1. Suppose -f + 127 = -m. Is f a composite number?
False
Let i = 53 + -48. Suppose -i*a - 5*z = -10240, -2*a + 5*z + 6168 = a. Is a a prime number?
False
Let m(k) = 960*k + 185. Is m(7) a composite number?
True
Let f = -78 - -76. Is (1172/8)/(f/(-4)) a prime number?
True
Let x(d) = 36*d**3 - 5*d**2 - 7*d - 1. Let v(i) = i**3 - i. Let f(g) = 5*v(g) - x(g). Is f(-3) prime?
True
Suppose 0*x + x + 4*w = 3376, 5*x - 16922 = w. Let d = x - 5025. Is d/(-15) - 8/20 prime?
True
Suppose v - 5483 = 13958. Is v a composite number?
False
Suppose -2*w - i = 2*i - 4, 5*i = -4*w + 8. Let f = -531 - -929. Suppose 1180 = 3*a + 5*g, -f = -a + w*g + g. Is a prime?
False
Suppose -g = 3*m - 4, -5*m = g - 3*g - 14. Let l = -2 + 2. Suppose -z - m*z + 381 = l. Is z a prime number?
True
Let t(s) = 38524*s - 105. Is t(2) a prime number?
True
Suppose -4*r = -x - 54 - 22, -2*r + x = -36. Suppose 3*v = 2*j - j + 617, -3*j = -2*v + 416. Suppose -r = 5*h, -3*m = -4*m + 5*h + v. Is m a prime number?
False
Suppose 5*x = -4*q + 2835, -4*x + 2304 = 4*q - 8*q. Is x prime?
True
Suppose -f + 687 = -92. Is (f - -4) + ((-6)/3)/1 a composite number?
True
Let h(v) = -v**3 + 9*v**2 - 8*v + 2. Let n be h(8). Suppose 0 = 5*i, -3*x - n*i + 118 = -x. Suppose g = -5*r + 22, 2*r = 2*g + 7*r - x. Is g prime?
True
Let z(g) = -g**3 - 8*g**2 + 7*g - 13. Let j be z(-9). Suppose 0 = 2*k + 3*o - 6, -j*k - 7 = 3*o - 4. Is ((-5)/k)/((-4)/(-444)) a prime number?
False
Suppose -12*d - 21790 = -17*d. Is d prime?
False
Let m(i) = 21*i**3 - 17*i**2 + 13*i - 18. Is m(15) a prime number?
False
Let p = -3 - -6. Let j(h) = 4*h**2 + 2. Let o be j(p). Let y = 39 + o. Is y a prime number?
False
Let s = -27920 - -42085. Is s prime?
False
Suppose 9047 = 12*q + 983. Let v = q + -151. Is v a prime number?
True
Suppose -291741 = 28*p - 59*p. Is p composite?
True
Let w = 37700 - 15331. Is w prime?
True
Let v(y) = -277*y + 58. Is v(-13) prime?
True
Let w be (-2)/3*264/(-16). Suppose -w*f + 2*f + 3393 = 0. Is f a composite number?
True
Let x be 2257 - 2/2*-1. Let i = -105 - -109. Is i/26 + x/26 composite?
True
Is (39/(-1) + -2)*(-1358)/14 a composite number?
True
Let v = 3 - 1. Suppose 0 = -3*n - v*h + 4, -2*n - 3*n + h + 11 = 0. Suppose -2*q + 1266 = 5*o, -17 = n*q + o - 1267. Is q prime?
False
Let p = 23 - 20. Suppose 3*c = p*d + 1749, -581 = -c + 5*d + 2. Suppose 0 = 10*x - 11*x + c. Is x composite?
True
Suppose d = -3*v + 24388, -15*d = 3*v - 17*d - 24403. Is v a prime number?
False
Suppose 2*p = 9*p - 74627. Is p composite?
True
Let h(r) = -29*r + 42. Let c(b) = -14*b + 67. Let v be c(5). Is h(v) prime?
False
Suppose -6*a + 0*a - 1278 = 0. Let m be 0/(6/(9/3)). Is m + (3 + -5 - a) a prime number?
True
Suppose -j = -26 - 14. Let s = j - 15. Suppose -86 - s = -b. Is b composite?
True
Suppose 3888 + 29342 = 2*j. Is j prime?
False
Let z be 2*(-12)/8 + 5. Suppose -z*o = -o. Suppose -q = -3*x + 300 + 255, 4*x - 2*q - 740 = o. Is x prime?
False
Let i(w) be the first derivative of 349*w**3/3 - 2*w**2 + 3*w - 11. Is i(2) composite?
True
Let a be (-25)/5*109/1. Let p = -343 - a. Let g = p - 87. Is g a prime number?
False
Let m be ((-21)/2)/7*-2. Suppose -m*q - 7*q + 830 = 0. Is q a composite number?
False
Let j(h) = -h**3 + 2*h**2 - 2. Let c be j(3). Let r = 13 + c. Suppose 31 + 117 = r*w. Is w a prime number?
False
Let s(j) = -3310*j + 27. Is s(-3) prime?
False
Let y = 856 + -482. Let g = -496 - -309. Let w = y + g. Is w composite?
True
Is (-9521253)/(-756)*-2*(-3 + 1) a composite number?
False
Is (-3 - -6) + 2844 + -2 + -2 a composite number?
False
Let o(m) be the firs